 + 5. Calculate l(-30).
5
Let i(x) = x**3 - 3*x**2 - x + 1. What is i(4)?
13
Let m(x) = x**2 - 11*x - 17. Give m(13).
9
Let m(h) = -8*h - 7. Determine m(-7).
49
Let m(r) = -r**2 + 13*r - 22. Give m(8).
18
Let n(x) = -2*x**2 + 23*x - 10. What is n(11)?
1
Let a(x) = x**2 + 12*x + 23. Determine a(-10).
3
Let b(o) = -o**3 - 9*o**2 - o - 9. Determine b(-9).
0
Let w(n) = 2*n**3 - 41*n**2 - 32*n + 230. Calculate w(21).
-1
Let v(t) = -2*t**3 - 11*t**2 - 8*t + 2. Calculate v(-5).
17
Let l(x) = -208*x - 414. What is l(-2)?
2
Let h(y) = 5*y + 187. What is h(0)?
187
Let b(v) = v**2 - 13*v - 17. Calculate b(15).
13
Let u(r) = 8*r - 3. Determine u(0).
-3
Let p(a) = -a**2 + 2*a - 3. Determine p(4).
-11
Let u(f) = 2*f**3 - 3*f**2 - 54*f + 6. What is u(6)?
6
Let b(c) = -c - 13. Calculate b(-4).
-9
Let t(x) = -x**2 - 24*x + 14. What is t(-11)?
157
Let s(d) = -d**2 - d + 8. Calculate s(-4).
-4
Let d(i) = i**3 + i - 5. What is d(0)?
-5
Let m(i) = -3*i**2 - i + 1. Calculate m(-1).
-1
Let d(w) = -w**3 + 4*w**2 + 7*w - 5. What is d(5)?
5
Let n(h) = -h**2 + 2. What is n(-6)?
-34
Let p(r) = r**3 - 21*r**2 - 7. What is p(21)?
-7
Let t(d) = -7*d**2 - 2. Calculate t(2).
-30
Let m(w) = 18*w - 2. Give m(3).
52
Let j(u) = -2*u**3 - 6*u**2 - 4*u - 2. Calculate j(-3).
10
Let y(r) = -2*r**2 - 3*r + 3. What is y(-2)?
1
Let f(j) = j**2 + 2*j - 9. Give f(5).
26
Let t(z) = 2*z**3 - 16*z**2 + 6*z + 7. What is t(7)?
-49
Let t(s) = -s**2 - 5*s - 3. Calculate t(-9).
-39
Let z(f) = -5*f + 18. What is z(-2)?
28
Let r(o) = -2*o**2 - 52*o - 23. Determine r(-25).
27
Let d(k) = -21*k. Calculate d(1).
-21
Let c(l) = -2*l**2 + l - 4. What is c(-3)?
-25
Let b(r) = 3*r - 23. Give b(10).
7
Let u(f) = -f**2 - 8*f + 25. What is u(-13)?
-40
Let w(a) = -2*a**3 - a**2 + 3*a - 7. Determine w(0).
-7
Let u(p) = p**2 - 12*p + 8. Determine u(8).
-24
Let z(s) = -6*s - 124. Give z(-21).
2
Let f(s) = 258*s. Give f(0).
0
Let f(y) = -y**3 + 35*y**2 - 3*y + 92. What is f(35)?
-13
Let m(b) = -29*b + 23. Give m(1).
-6
Let m(j) = 29*j - 139. What is m(8)?
93
Let n(l) = -l - 27. Give n(-9).
-18
Let f(u) = -u**2 + 3*u - 1. Calculate f(0).
-1
Let s(i) = -i**3 + 2*i**2 + i - 6. Give s(2).
-4
Let n(s) = 76*s**2 - 5*s. Determine n(-1).
81
Let d(k) = 17*k - 253. What is d(15)?
2
Let s(b) = -9*b - 10. What is s(6)?
-64
Let r(j) = -3*j + 107. Determine r(36).
-1
Let w(i) = -i**2 - 25*i - 152. Calculate w(-9).
-8
Let z(l) = l**3 + 7*l**2 + 3*l - 7. Give z(-7).
-28
Let a(i) = 5*i - 12. Determine a(5).
13
Let f(o) = o**2 - 4*o - 6. Calculate f(6).
6
Let y(t) = 16*t**2 + 10*t + 2. Give y(-1).
8
Let s(k) = -k**2 - 3*k + 9. Determine s(-4).
5
Let x(z) = -2*z - 11. Calculate x(-10).
9
Let s(u) = 2*u**3 + 16*u**2 + 16*u + 6. Calculate s(-7).
-8
Let h(m) = 3*m**2 - m - 8. Give h(2).
2
Let p(x) = -x**2 + 10*x + 1. Determine p(7).
22
Let x(t) = t**3 + 11*t**2 - 34*t - 262. Give x(-12).
2
Let a(m) = -2*m**2 - 5*m + 1. Give a(-3).
-2
Let d(f) = f**2 + 10*f - 28. Calculate d(-13).
11
Let v(u) = 16*u**2 - 2*u + 2. Calculate v(1).
16
Let s(r) = r**3 - 2*r**2 + r - 21. What is s(0)?
-21
Let x(r) = 8*r**3 + 2*r**2 + 5*r + 4. Determine x(-1).
-7
Let n(j) = 9*j - 13. What is n(2)?
5
Let b(m) = m**3 + 14*m**2 - 3*m - 34. What is b(-14)?
8
Let x(k) = -k**2 - 8*k - 3. Determine x(-7).
4
Let q(a) = -a**2 + 4*a - 7. What is q(3)?
-4
Let h(n) = n**3 + 15*n**2 + 15*n + 1. Calculate h(-1).
0
Let p(r) = -r**3 - 7*r**2 - 8*r + 4. Determine p(-6).
16
Let m(n) = -2*n**3 - 8*n**2 + 22*n - 7. Calculate m(-6).
5
Let u(b) = -b**2 + 12*b + 3. Give u(11).
14
Let m(r) = -r**3 - 9*r**2 + 25*r + 14. Give m(-11).
-19
Let d(s) = -26*s**3 + 2*s**2 + 8*s - 9. What is d(1)?
-25
Let w(y) = -y**3 - 8*y**2 - 20*y - 4. Calculate w(-3).
11
Let j(d) = -15*d + 945. Determine j(62).
15
Let c(p) = -p**2 + 13*p - 36. Determine c(10).
-6
Let x(p) = -p**2 + 10*p - 13. Give x(7).
8
Let q(l) = l**2 - 30. Give q(12).
114
Let y(h) = h**3 - 6*h**2 - 8*h + 6. What is y(7)?
-1
Let p(j) = -4*j + 16. What is p(3)?
4
Let n(v) = -v**2 - 4*v. Determine n(-6).
-12
Let i(o) = -2*o**3 + 14*o**2 - 11*o - 10. Give i(6).
-4
Let p(q) = q**2 + 11*q - 19. Give p(-12).
-7
Let a(j) = j**3 - j**2 + j - 13. Give a(0).
-13
Let b(x) = -9*x - 60. Determine b(-9).
21
Let p(x) = -x**2 + 12*x - 46. Determine p(5).
-11
Let v(t) = -t**2 + 14*t - 22. Determine v(12).
2
Let d(m) = 258*m - 1294. Determine d(5).
-4
Let n(q) = 13*q - 38. What is n(4)?
14
Let i(d) = -13*d**2 + d. Give i(2).
-50
Let t(f) = f + 7. Give t(-11).
-4
Let s(l) = l**2 - 5*l - 6. Give s(7).
8
Let x(a) = -4*a**3 + 2*a**2 - a - 2. Calculate x(2).
-28
Let d(i) = 2*i**2 + 20*i - 8. Give d(-14).
104
Let t(o) = o**3 - 9*o**2 + 4*o + 11. What is t(8)?
-21
Let y(v) = -v**3 + 6*v**2 - 9*v - 2. Give y(4).
-6
Let a(g) = -g**2 + 30*g - 104. Give a(27).
-23
Let g(d) = d**2 + 12*d + 20. Determine g(-8).
-12
Let b(c) = c**2 + 3*c - 9. Calculate b(0).
-9
Let v(m) = m**3 - 4*m**2 - m + 3. What is v(3)?
-9
Let r(t) = 2*t - 6. Calculate r(-2).
-10
Let y(i) = 2*i**3 + i**2 + i - 1. What is y(1)?
3
Let q(m) = -2*m - 76. Calculate q(-14).
-48
Let d(l) = 2*l**2 - 8*l - 1. Determine d(4).
-1
Let w(n) = -4*n + 2. What is w(-5)?
22
Let a(o) = 3*o**2 - 38*o + 9. Determine a(12).
-15
Let r(p) = p**3 - 32*p**2 - 2*p - 2. Calculate r(32).
-66
Let m(w) = -184*w - 2027. Determine m(-11).
-3
Let y(p) = -19*p + 69. Determine y(3).
12
Let h(z) = z**2 - 4*z - 1. What is h(4)?
-1
Let b(l) = 10*l**2 - 2*l - 4. Calculate b(-1).
8
Let i(s) = -s**3 + 6*s**2 - 6*s - 4. Calculate i(5).
-9
Let d(f) = -5*f**2 - f + 3. Calculate d(-4).
-73
Let q(l) = 8*l**3 - 2*l**2 + 1. Determine q(-1).
-9
Let r(w) = w**3 - 3*w**2 - 5*w + 7. Determine r(3).
-8
Let v(k) = -k**3 + 9*k**2 + 5*k - 30. Calculate v(9).
15
Let f(g) = -g**3 - 10*g**2 + 3*g + 11. What is f(-10)?
-19
Let l(q) = q**3 - 36*q**2 + 7. What is l(36)?
7
Let f(s) = -s - 16. Calculate f(-10).
-6
Let l(v) = -v**2 + 30*v + 213. Give l(-6).
-3
Let r(d) = 9*d - 47. Determine r(12).
61
Let b(r) = r - 5. Calculate b(4).
-1
Let h(s) = s**3 - 7*s**2 + 3*s - 4. Determine h(5).
-39
Let b(p) = 6*p + 23. What is b(-3)?
5
Let t(r) = -r**3 + 8*r**2 + 4*r + 1. Calculate t(6).
97
Let i(m) = m**2 + 3*m + 3. What is i(-3)?
3
Let n(d) = -d**2 + 16*d - 51. Calculate n(5).
4
Let w(g) = 32*g**3 + g**2 - g - 1. Determine w(1).
31
Let m(w) = 2*w - 13. Give m(3).
-7
Let r(i) = -i + 17. Calculate r(6).
11
Let l(j) = -j**2 - 5*j + 2. Give l(-4).
6
Let d(l) = -l**2 + 16*l + 51. Determine d(20).
-29
Let m(s) = -21*s - 169. Give m(-8).
-1
Let h(g) = -g**3 + 14. What is h(0)?
14
Let r(o) = 5*o - 26. What is r(6)?
4
Let g(y) = -y**2 - 23*y - 64. Calculate g(-19).
12
Let x(m) = m**3 - 10*m**2 + 6*m + 14. Calculate x(9).
-13
Let a(z) = -z**3 - 5*z**2 - z + 9. Calculate a(-4).
-3
Let w(r) = r**3 - 8*r**2 - 7*r - 31. Determine w(9).
-13
Let c(g) = -g**3 - 8*g**2 + 12*g + 12. Determine c(-9).
-15
Let w(r) = -r**3 - 34*r**2 + 69*r - 104. Determine w(-36).
4
Let a(z) = 2*z**3 + z**2 - 4*z + 16. Calculate a(4).
144
Let x(v) = 3*v**2 - 15*v - 10. Calculate x(7).
32
Let i(h) = -3*h - 29. Calculate i(-10).
1
Let b(o) = -51*o**3 - 2*o**2 + o. What is b(1)?
-52
Let s(x) = 3*x + 1. Determine s(2).
7
Let f(p) = 3*p - 4. What is f(4)?
8
Let b(x) = -12*x - 23. Determine b(-2).
1
Let f(g) = g**3 + 14*g**2 - 14*g + 17. Give f(-15).
2
Let v(b) = 6*b**3 - b**2 - b + 1. Give v(1).
5
Let w(y) = 52*y - 2343. Calculate w(45).
-3
Let n(u) = 3*u**2 - 116*u - 70. Give n(39).
-31
Let t(w) = -w**3 - 5*w**2 - 4*w - 5. What is t(-4)?
-5
Let d(c) = -41*c**3 - 4*c**2 + c + 2. Calculate d(-1).
38
Let f(s) = 4*s + 1. Give f(7).
29
Let l(k) = -52*k**2 - 364*k - 4. Give l(-7).
-4
Let m(c) = -6*c + 20. Determine m(11).
-46
Let o(r) = -11*r - 13. Determine o(-3).
20
Let l(p) = 2*p + 46. Determine l(8).
62
Let r(d) = -2*d**2 - 19*d - 29. Determine r(-8).
-5
Let k(l) = l - 12. Determine k(-16).
-28
Let w(v) = 3*v**3 + v**2 + 5*v + 4. Give w(-1).
-3
Let l(j) = j**2 - 21*j + 3. What is l(21)?
3
Let p(b) = -15*b + 140. What is p(10)?
-10
Let w(h) = -3*h**2 - 33*h - 9. Calculate w(-10).
21
Let o(g) = -g**3 + 5*g**2 - 23. Calculate o(4).
-7
Let u(v) = 6*v - 25. Determine u(3).
-7
Let j(u) = 2*u - 7. Calculate j(5).
3
Let h(i) = 2*i**3 - 4*i**2 - 3*i - 4. Calculate h(-3).
-85
Let s(o) = -o**3 - 2*o**2 + o + 9. W